8?
88
Let c be 2706/10 + (-14)/(-35). Suppose -3*h = 3*r + r - 157, -5*h - 2*r = -c. Suppose -13*m = -6*m - 77. Calculate the highest common divisor of m and h.
11
Let g(h) = -h**2 - 5*h + 12. Let a be g(-6). Suppose -3*j + a*j = -54. Let n = j - -20. Calculate the highest common factor of 1 and n.
1
Suppose 5*x - 350 = -4*z, 28 + 322 = 5*x + 3*z. What is the greatest common factor of x and 25?
5
Let i(h) = -h**3 - 3*h**2 + 7*h - 18. Let l be i(-6). Calculate the greatest common divisor of l and 368.
16
Let y be 0 + 65 - (-1 + 2). Let j be (-15)/3*(-9 + 348/60). What is the highest common divisor of j and y?
16
Let m be 40 + (-12)/(-11 - -7). What is the highest common factor of 172 and m?
43
Suppose 0 = 4*d - 14 - 66. What is the greatest common divisor of d and 40?
20
Let m(t) = -54*t. Let n be m(1). Let u = 100 + n. Calculate the highest common divisor of u and 230.
46
Let l be (0 - (-2 - -2))/(-1). Suppose 18*k - 13*k - 20 = l. Suppose -3*u - 3*f = -6*f - 546, -4*u + 744 = k*f. What is the highest common factor of 23 and u?
23
Let u = 315 - 215. Suppose u = 4*w + l, w - 2*w + 6 = 5*l. Suppose -6*s + 55 + 23 = 0. What is the highest common factor of w and s?
13
Let u = -28 + 84. Let v(w) = -3*w**2 + 33*w - 4. Let m be v(12). Let b = u + m. What is the highest common factor of 8 and b?
8
Suppose -10*z + 9*z = 5*w - 405, 3*z + 65 = w. What is the highest common divisor of w and 35?
5
Suppose 8*y - 558 = -3*z + 11*y, 3 = -3*y. What is the greatest common divisor of z and 20?
5
Let j = -85 - -149. Suppose -7*c = -j - 440. Calculate the highest common divisor of 8 and c.
8
Let g(s) = -6*s + 2. Let a be g(0). Let h be (-170)/(-4 + a - 0). What is the highest common divisor of 34 and h?
17
Suppose 5*t - 453 = -h, -h = t + 6 - 99. Let m = 12 + -12. Suppose m = -10*g - 58 + 158. Calculate the highest common divisor of g and t.
10
Let t(o) = 2*o**2 - 9*o - 4. Let h be t(-8). Let p(d) = -45*d**2 - d - 28*d**3 + 45*d**2 - 1. Let y be p(-1). What is the highest common factor of h and y?
28
Let k(t) = 12*t**2 - 13*t + 12. Let p be k(5). What is the greatest common factor of p and 19?
19
Let s(p) = -2*p**2 + p + 11. Let f be s(0). Suppose 0 = f*x - 6*x - 660. What is the highest common factor of x and 12?
12
Suppose -4*m + 0*m + 56 = 0. Suppose a = -3*q + m, -18 = -a - 2*q - 2*q. Calculate the greatest common factor of a and 5.
1
Let i = -542 + 577. Calculate the highest common divisor of i and 28.
7
Let s(l) = 918*l - 17. Let p be s(1). What is the greatest common divisor of 53 and p?
53
Suppose -6*a = 225 - 1413. Suppose 13*r = 14*r - a. Calculate the highest common divisor of 33 and r.
33
Let n = 97 + -178. Let z be (1 + 5)*(-27)/n. Suppose z*y + 5*w - 3 = 4, 3*w = -y + 1. What is the highest common divisor of 32 and y?
16
Let j(l) = 11*l**2 - l - 1. Let i be j(-1). Suppose c - 6 - i = 0. Calculate the highest common factor of c and 51.
17
Let m(b) be the third derivative of 7*b**4/24 - b**3/3 + 2*b**2. Let q be m(2). Let z = q - 7. Calculate the highest common divisor of z and 2.
1
Suppose 540 = 2074*x - 2070*x. Let f be (-6)/(-15) - 133/(-5). Calculate the highest common factor of x and f.
27
Suppose 300 = -54*a + 79*a. Calculate the greatest common divisor of 44 and a.
4
Let n(s) = -5*s + 15. Let r be n(-5). What is the greatest common factor of r and 60?
20
Let x(l) be the second derivative of 13*l**3/3 - l**2/2 + l. Let b be x(1). Suppose 230 = 7*k - 120. What is the greatest common factor of b and k?
25
Let f = 16 - 7. Let o = -26 + 50. Let u = o + -18. What is the greatest common factor of f and u?
3
Suppose 89 = 3*h + 4*j + j, 10 = -2*j. Suppose -140 = -5*b - 5*g, -2*b + 84 = 2*b - 3*g. Let w = h - b. Calculate the greatest common factor of w and 35.
7
Let g(f) = -f**3 - f**2 + 4*f + 3. Let o be g(-3). Let l(a) = -a**3 + 27*a**2 + 24*a + 115. Let s be l(28). What is the greatest common divisor of o and s?
3
Let z = 6 - 1. Suppose 0 = 3*p - 3, 0*g + z*p = g. Suppose g*d - 210 = 2*d. Calculate the highest common divisor of d and 10.
10
Let s(i) = i**2 - 31*i - 39. Let t be s(33). What is the highest common divisor of t and 15?
3
Suppose -6*n - 6 = -18. Let s(o) = 5*o**2 - 4*o - 3. Let t be s(n). What is the greatest common divisor of t and 81?
9
Let j(m) = 9*m**3 - 2*m - 1. Let i be j(-1). Let u = -706 - -707. Let g be (-2)/(i/20) + u. Calculate the highest common divisor of 9 and g.
3
Suppose 7*t = -13*t + 100. Let b be 4*t*(3/(-2) - -4). Let g be 0 - 1/((-1)/75). Calculate the greatest common divisor of g and b.
25
Suppose 2*g = -i + 301, -5*g + 3*i + 385 + 384 = 0. Suppose 8*z - 24 = g. Calculate the greatest common factor of 110 and z.
22
Let m = -3 + 8. Suppose 3*j = g - 14 + 6, -2*j - 8 = -g. Let z = m + g. What is the highest common factor of 143 and z?
13
Let c(f) = 2*f**2 - 3*f - 1. Let h be c(4). Let g(y) = 282*y + 1993. Let s be g(-7). Calculate the highest common factor of h and s.
19
Suppose -19 = -6*f + 89. Suppose 144 = f*x - 14*x. What is the highest common factor of x and 60?
12
Let s = -37 - -16. Let d = s + 51. Calculate the greatest common divisor of d and 10.
10
Let l = -1304 - -1551. What is the greatest common factor of l and 91?
13
Let l = 289 + -245. What is the highest common divisor of 66 and l?
22
Let v be (-2 - (-32)/40)/((-6)/40). Calculate the highest common factor of v and 72.
8
Suppose -4*y + 3*o = -0*y - 99, 0 = -4*o + 12. What is the greatest common factor of y and 9?
9
Let v be (-2)/6 - (1 - 643/3). Let c be (-2)/3 + v/9 - 0. What is the highest common factor of c and 23?
23
Suppose -17*o - 140 = -20*o + 5*v, -3*v = -o + 52. Let y be 4/14 + 194/7. Let s = y + -18. Calculate the highest common divisor of o and s.
10
Let m = -253 + 276. Calculate the greatest common divisor of m and 23.
23
Let p be (-14)/(-4) - ((-2)/(-4))/(-1). Suppose -2*w - 78 = -4*v, -v - p*w + 64 = v. Calculate the highest common divisor of v and 33.
11
Suppose -5*f + 56 = 4*z, -1 = -4*f - z + 35. Suppose 14*w - f*w - 1188 = 0. Calculate the highest common factor of w and 22.
22
Suppose 3*a = v - 35 - 33, 204 = 3*v + 3*a. What is the highest common divisor of v and 442?
34
Let t(q) = -q**2 - 13*q + 2. Let d be t(-13). Suppose -52 = -2*r - 4*o, -d*r + 23 + 27 = 2*o. Calculate the highest common divisor of 18 and r.
6
Let h(j) = -121*j - 194. Let g be h(-4). Calculate the highest common divisor of g and 20.
10
Let j(l) = -4*l + 37. Let n be j(-18). Suppose 3*r + n = -0*q + 5*q, 3*r - 91 = -5*q. What is the highest common divisor of 20 and q?
20
Suppose 3 = -2*n - 3. Let t = n + 111. Suppose 5*z - 168 = 2*d, 0 = 4*z + 4*d + d - t. Calculate the greatest common factor of 80 and z.
16
Let m be (3 + -2)*3/3. Let y = m - 0. Let k(p) = -p + 5. Let r be k(-2). Calculate the greatest common divisor of r and y.
1
Let x = 40 - 39. Let t be (-244)/(-36) - 2/(-9). What is the highest common factor of t and x?
1
Let p be (171 - 11) + 7/((-21)/(-12)). What is the greatest common factor of p and 123?
41
Let x(v) = -v**3 + 13*v**2 + 15*v - 13. Let t(m) = 14*m. Let o be t(1). Let k be x(o). Let c be 27/k*(3 + -2). Calculate the highest common divisor of c and 18.
9
Let c(z) = z**3 - 9*z**2 - 8*z - 1. Let g be c(7). Let k = g - -97. Let x = -22 - k. What is the greatest common factor of 12 and x?
12
Let p = 116 + -72. Let x(g) = 2*g**2 + 5*g - 22. Let r be x(3). Calculate the greatest common divisor of p and r.
11
Let q(v) = -36*v. Let u be q(-1). Let i = -120 - -210. Calculate the highest common factor of i and u.
18
Let b = 67 + -58. Let k be 12/b*(-18)/((-6)/3). What is the greatest common divisor of 24 and k?
12
Let t(k) = 15*k - 511. Let n be t(35). What is the highest common divisor of n and 581?
7
Let z(m) be the first derivative of -67*m**2/2 + m + 2. Let c be z(-1). Let k be -4 + 25 + (-20)/5. What is the highest common divisor of k and c?
17
Let a = 1543 + -1032. What is the greatest common divisor of a and 21?
7
Let c(x) = 19*x - 1. Let r be c(1). Let o be 2 + 8 + (-4 - 0). Let t = o + 12. Calculate the highest common divisor of r and t.
18
Let q(p) = 43*p + 198. Let h be q(68). Calculate the greatest common divisor of h and 14.
14
Let f = 674 - 630. Calculate the highest common factor of 66 and f.
22
Suppose 0 = -2*l - l - y + 408, l = 2*y + 12